er when 1693 is divided by 413?
41
What is the remainder when 6722 is divided by 153?
143
What is the remainder when 5095 is divided by 560?
55
Calculate the remainder when 35602 is divided by 4.
2
Calculate the remainder when 61577 is divided by 356.
345
What is the remainder when 1708 is divided by 1384?
324
What is the remainder when 3973 is divided by 658?
25
Calculate the remainder when 2496 is divided by 168.
144
Calculate the remainder when 10573 is divided by 3497.
82
Calculate the remainder when 15891 is divided by 741.
330
What is the remainder when 43427 is divided by 94?
93
What is the remainder when 182221 is divided by 197?
193
Calculate the remainder when 29244 is divided by 1308.
468
What is the remainder when 12377 is divided by 123?
77
Calculate the remainder when 89138 is divided by 407.
5
What is the remainder when 32290 is divided by 7994?
314
What is the remainder when 665 is divided by 181?
122
Calculate the remainder when 2363 is divided by 344.
299
Calculate the remainder when 17536 is divided by 1931.
157
Calculate the remainder when 166119 is divided by 366.
321
Calculate the remainder when 44752 is divided by 52.
32
Calculate the remainder when 70 is divided by 18.
16
Calculate the remainder when 150702 is divided by 186.
42
Calculate the remainder when 188972 is divided by 25.
22
Calculate the remainder when 1886 is divided by 237.
227
What is the remainder when 16104 is divided by 70?
4
What is the remainder when 397425 is divided by 232?
9
Calculate the remainder when 4681 is divided by 2282.
117
Calculate the remainder when 55329 is divided by 9.
6
What is the remainder when 3388 is divided by 112?
28
What is the remainder when 1958 is divided by 906?
146
What is the remainder when 883 is divided by 608?
275
Calculate the remainder when 25059 is divided by 8231.
366
What is the remainder when 619876 is divided by 18?
10
What is the remainder when 19747 is divided by 19742?
5
Calculate the remainder when 122297 is divided by 86.
5
Calculate the remainder when 35624 is divided by 3226.
138
What is the remainder when 1635 is divided by 83?
58
What is the remainder when 1928 is divided by 57?
47
What is the remainder when 149480 is divided by 35?
30
Calculate the remainder when 97232 is divided by 438.
434
What is the remainder when 77448 is divided by 81?
12
Calculate the remainder when 34125 is divided by 31.
25
Calculate the remainder when 2227 is divided by 740.
7
What is the remainder when 13059 is divided by 717?
153
What is the remainder when 2722 is divided by 390?
382
What is the remainder when 1250 is divided by 469?
312
What is the remainder when 2468 is divided by 584?
132
Calculate the remainder when 138003 is divided by 102.
99
Calculate the remainder when 4255 is divided by 28.
27
What is the remainder when 10129977 is divided by 1246?
1243
Calculate the remainder when 44033 is divided by 734.
727
What is the remainder when 34418 is divided by 8591?
54
What is the remainder when 878919 is divided by 75?
69
Calculate the remainder when 7536 is divided by 1883.
4
Calculate the remainder when 32790 is divided by 33.
21
What is the remainder when 6974 is divided by 2323?
5
What is the remainder when 72565 is divided by 188?
185
What is the remainder when 584 is divided by 46?
32
Calculate the remainder when 69891 is divided by 22.
19
Calculate the remainder when 31333 is divided by 112.
85
What is the remainder when 19005 is divided by 292?
25
Calculate the remainder when 2007 is divided by 3.
0
What is the remainder when 6280 is divided by 66?
10
What is the remainder when 1390441 is divided by 463477?
10
Calculate the remainder when 10970 is divided by 10970.
0
Calculate the remainder when 62835 is divided by 240.
195
Calculate the remainder when 18280 is divided by 870.
10
What is the remainder when 8951 is divided by 18?
5
What is the remainder when 2440204 is divided by 7306?
0
What is the remainder when 5100 is divided by 731?
714
What is the remainder when 115291 is divided by 19?
18
Calculate the remainder when 177594 is divided by 621.
609
Calculate the remainder when 18272 is divided by 2029.
11
Calculate the remainder when 4796 is divided by 2342.
112
What is the remainder when 71964 is divided by 23949?
117
Calculate the remainder when 7287 is divided by 648.
159
What is the remainder when 14062 is divided by 50?
12
What is the remainder when 7032 is divided by 7006?
26
Calculate the remainder when 21732 is divided by 14.
4
What is the remainder when 32597 is divided by 26?
19
What is the remainder when 2715 is divided by 82?
9
Calculate the remainder when 936051 is divided by 7.
4
What is the remainder when 1627177 is divided by 994?
993
What is the remainder when 454510 is divided by 136?
134
Calculate the remainder when 24053 is divided by 4805.
28
What is the remainder when 49081 is divided by 743?
43
What is the remainder when 776 is divided by 4?
0
What is the remainder when 34003 is divided by 35?
18
Calculate the remainder when 16799 is divided by 8389.
21
What is the remainder when 38084 is divided by 23?
19
What is the remainder when 490487 is divided by 1962?
1949
Calculate the remainder when 16686 is divided by 2426.
2130
What is the remainder when 15736 is divided by 7730?
276
What is the remainder when 6160 is divided by 79?
77
What is the remainder when 107594 is divided by 40?
34
Calculate the remainder when 2070 is divided by 689.
3
What is the remainder when 237102 is divided by 8778?
96
Calculate the remainder when 6172 is divided by 495.
232
What is the remainder when 4049 is divided by 150?
149
Calculate the remainder when 3305 is divided by 29.
28
What is the remainder when 14006 is divided by 42?
20
Calculate the remainder when 4015 is divided by 1077.
784
Calculate the remainder when 504 is divided by 155.
39
Calculate the remainder when 373338 is divided by 5926.
0
Calculate the remainder when 40986 is divided by 2.
0
What is the remainder when 32143 is divided by 1537?
1403
Calculate the remainder when 1029484 is divided by 1029462.
22
Calculate the remainder when 113512 is divided by 62.
52
Calculate the remainder when 2744 is divided by 342.
8
Calculate the remainder when 1959 is divided by 232.
103
Calculate the remainder when 143 is divided by 128.
15
Calculate the remainder when 4289 is divided by 15.
14
What is the remainder when 2115 is divided by 12?
3
Calculate the remainder when 1697 is divided by 38.
25
Calculate the remainder when 1675 is divided by 23.
19
Calculate the remainder when 827 is divided by 9.
8
What is the remainder when 14310 is divided by 462?
450
Calculate the remainder when 1816 is divided by 303.
301
What is the remainder when 36391 is divided by 95?
6
Calculate the remainder when 15908 is divided by 199.
187
What is the remainder when 5848 is divided by 455?
388
Calculate the remainder when 61603 is divided by 146.
137
What is the remainder when 72929 is divided by 59?
5
What is the remainder when 66989 is divided by 30?
29
Calculate the remainder when 48763 is divided by 47.
24
Calculate the remainder when 82507 is divided by 62.
47
Calculate the remainder when 99315 is divided by 53.
46
What is the remainder when 5290 is divided by 2576?
138
What is the remainder when 1630 is divided by 444?
298
What is the remainder when 229838 is divided by 456?
14
What is the remainder when 245699 is divided by 245683?
16
What is the remainder when 65752 is divided by 104?
24
Calculate the remainder when 40771 is divided by 79.
7
Calculate the remainder when 3449 is divided by 74.
45
Calculate the remainder when 1551 is divided by 632.
287
Calculate the remainder when 280949 is divided by 346.
343
Calculate the remainder when 15854 is divided by 206.
198
What is the remainder when 966397 is divided by 80?
77
What is the remainder when 1152554 is divided by 18?
14
What is the remainder when 593 is divided by 76?
61
Calculate the remainder when 39826 is divided by 5687.
17
What is the remainder when 130086 is divided by 315?
306
What is the remainder when 32520 is divided by 37?
34
What is the remainder when 2854414 is divided by 18?
10
Calculate the remainder when 75019 is divided by 29.
25
Calculate the remainder when 1682214 is divided by 409.